te the highest common divisor of h and o.
2
Let j = 23 + 11. Let v(d) = -d**3 - 9*d**2 - 19*d - 3. Let x be v(-8). Calculate the highest common divisor of j and x.
17
Suppose -7 = 8*x - 815. Suppose -x = -2*c - 3*z, 3*z + 207 = 5*c - 77. Calculate the highest common factor of 11 and c.
11
Let u = -15 + 19. Suppose 0 = 5*t - 4 - 6. Let c be 104/(-39)*(-3)/t. What is the highest common divisor of c and u?
4
Let j(r) = r**3 + 9*r**2 + 21*r + 36. Let z be j(-6). Calculate the highest common factor of 225 and z.
9
Let t be (63/(-72)*4)/((-1)/546). What is the highest common divisor of t and 39?
39
Suppose -6894 = -63*u - 1350. What is the greatest common factor of u and 308?
44
Let o be 3/2*-2 + 3. Suppose -a + 4*a + 4*q = -628, -206 = a + 2*q. Let s be a/(-6) + o + -4. Calculate the greatest common divisor of 160 and s.
32
Let z(p) = 22*p + 24. Let x(v) = -21*v - 22. Let d(t) = 6*x(t) + 5*z(t). Let w be d(-12). Calculate the highest common factor of w and 20.
20
Let g(h) = -5*h**2 - 169*h + 71. Let f be g(-33). What is the greatest common factor of 7 and f?
7
Suppose 105 = -0*i + 3*i. Let u be (10/(-7))/(8/(-28)). Calculate the greatest common factor of u and i.
5
Let t = 123 - 91. What is the greatest common factor of t and 32?
32
Let i be 12/(-8)*(-60)/9. Suppose 6*z - i*z = -176. Calculate the highest common factor of 132 and z.
44
Let b be (-78)/(-4)*20/15. Suppose -2*c - b = -3*c. What is the highest common factor of 39 and c?
13
Suppose 5*t - 16 = t. Let w(s) = 29*s - 6. Let g be w(t). What is the greatest common divisor of 10 and g?
10
Let v(x) = 0*x**3 + 9*x**2 + 13*x + x**3 - 11 - 21*x. Let q be v(-9). Suppose 0*p - 5*p - 5 = a, 3*a - 4*p = q. Calculate the highest common factor of 30 and a.
15
Let h = -206 + 216. What is the greatest common factor of 285 and h?
5
Let k = -25 + 30. Suppose 21 = 4*v - k*d, -d = -4*v + 7 + 10. Suppose 4*y - x + 11 = 74, -v*y = -4*x - 60. Calculate the highest common factor of 64 and y.
16
Let h(w) be the second derivative of -w**5/20 + w**4/12 + 21*w**2/2 + w. Let u be h(0). Let q = -311 - -325. What is the greatest common divisor of u and q?
7
Let s be 4/20 - (-1078)/10. What is the greatest common divisor of s and 2?
2
Let s(w) = 4*w - 57. Let t be s(19). Let b(c) = c**3 - 19*c**2 + 11*c - 33. Let g be b(t). What is the highest common divisor of 44 and g?
44
Let y = -8392 + 8413. Suppose -13 = -2*w + 1. What is the highest common divisor of y and w?
7
Let n(u) = -u**3 + 3*u**2 + 6*u - 6. Suppose 15 - 3 = 2*m. Let d be ((-6)/(-10))/(m/30). Let i be n(d). What is the greatest common divisor of i and 12?
12
Suppose k = -2*s - s - 26, 5*s - 4*k + 32 = 0. Let r = -5 - s. Suppose r*d - 4 = 8. Calculate the greatest common divisor of d and 28.
4
Let u = -39 + 81. Let i(a) = -a**3 + 5*a**2 + 7*a - 14. Let q be i(5). Calculate the highest common factor of u and q.
21
Let j(f) = 5*f**2 + 137*f - 39. Let z be j(-28). Calculate the greatest common divisor of z and 45.
45
Let g(l) = -l**2 + 21*l - 33. Let n be (7 - -1 - -6)/(1/1). Let s be g(n). What is the highest common divisor of 13 and s?
13
Suppose y + 0*y = -2*v + 21, 5*y - 4*v = 49. Suppose 5*z - 275 = -5*c, z - 5*c = -4*z + 245. What is the greatest common divisor of y and z?
13
Let f(g) = -g**2 + 20*g - 67. Let z be f(13). Calculate the highest common divisor of z and 228.
12
Let v be (-513 + 0/(-15))/(-1*1). Calculate the highest common divisor of v and 81.
27
Suppose -101 - 31 = -4*x. Calculate the highest common factor of 6 and x.
3
Suppose -5*r + 4*l + 103 - 5 = 0, -4*r = -3*l - 78. What is the greatest common divisor of 162 and r?
18
Suppose -4*z - 2*b - 1 = -23, 5*z + 2*b - 25 = 0. Suppose z*r - 372 = -3*r. What is the highest common divisor of 31 and r?
31
Let m be 1 + 2 - (-75)/(-5)*-4. What is the greatest common divisor of 609 and m?
21
Let q be ((-8)/6)/(4/(-6)). Let s(t) = -t**3 - 14*t**2 + 14. Let b be s(-14). Calculate the highest common divisor of q and b.
2
Let i(d) = 26*d + 22. Let x be i(15). Let r = 779 - x. Suppose -3*m + 4*y = 2*m - r, -3*y - 369 = -5*m. What is the greatest common factor of m and 15?
15
Suppose 492*a = 497*a - 910. What is the highest common factor of 35 and a?
7
Suppose -5*s = -10*s - 50. Let a be (-45 - 0)*56/s. Suppose a = 3*o - 3*x, 4*o + 5*x - 368 = x. What is the highest common divisor of 11 and o?
11
Suppose -g + 2*v = -93 - 105, 12 = -4*v. What is the highest common divisor of g and 256?
64
Let i(y) = 10*y - 36. Let k be i(9). Let l = 68 - k. What is the greatest common divisor of 70 and l?
14
Suppose -8 = -3*p - p. Suppose p*x - 4 = -0*x. Suppose 0 = -x*f + 16 + 20. Calculate the highest common factor of 36 and f.
18
Let s be ((-36)/(-10))/((-18)/(-240)). Let m be s/36 + (-1)/3. What is the highest common divisor of m and 4?
1
Suppose 0 = 3*x - 5 + 32. Let j be (-48)/x - 2/(-3). Suppose -3*a + 30 = 2*a. What is the highest common factor of j and a?
6
Let t(l) = l**3 + 12*l**2 + 10*l - 11. Let k be t(-11). Suppose k = 5*p + 1 + 4. Let c be ((-45)/25)/(p/15). Calculate the greatest common factor of c and 81.
27
Suppose 5*y + 28 = -u + 102, 50 = 3*y + 2*u. Calculate the highest common divisor of 2 and y.
2
Suppose 2*g - 12 = -7*l + 4*l, l - 2*g - 4 = 0. Calculate the greatest common divisor of l and 428.
4
Let x = 461 - 218. What is the highest common factor of 9 and x?
9
Let n = -25 - -39. Suppose -5*t - 641 = 3*j + 35, -540 = 4*t + 2*j. Let u = 246 + t. What is the highest common factor of u and n?
14
Suppose -24*c + 3918 = 558. Calculate the highest common divisor of c and 80.
20
Let y(a) = -a**3 + 8*a**2 - 5*a + 7. Let n be y(7). Suppose 4*s - 3*o = 348, -s + o = -2*s + 80. What is the greatest common divisor of n and s?
21
Let p(h) = h**3 + h**2 - h - 15. Let d be p(0). Let i be d*(-1 - 6/(-9)). Let q = 75 + -50. What is the greatest common factor of i and q?
5
Let t be 0 - 0 - (-4 - -4). Suppose 55 = j + 5*c, t = 5*j - 0*j + 3*c - 209. What is the highest common factor of j and 100?
20
Suppose -i = 2*o - 1101, -2*i = o + 173 - 2366. Calculate the highest common factor of 60 and i.
15
Let g(m) = m**2 + 9*m + 14. Let r be g(-8). Suppose -3*y + 21 = 3*b, -3*y - r*b = -b - 19. What is the greatest common divisor of 8 and y?
8
Suppose -5*f + 4*w = -28, 2*f = -w + 16 - 10. What is the greatest common divisor of f and 404?
4
Let b be -16*4*(-63)/56. What is the greatest common divisor of b and 28?
4
Let r be (-3)/(-9) + (-430)/(-15). Let b = r - -2. Calculate the highest common divisor of 31 and b.
31
Let n be (-1 + 1/2)/(14/364). Let b(z) = -29*z - 55. Let o be b(n). Calculate the highest common divisor of 46 and o.
46
Let n = 143 - 115. What is the highest common factor of n and 4?
4
Let v = -47 - -134. Suppose -2*l + 2*j + 84 = -2*j, 2*l - 5*j = v. What is the greatest common divisor of l and 18?
18
Let q(t) = 15*t - 5. Let k be q(2). Let b be (50 - 0)/((-2)/(-8)). What is the highest common divisor of b and k?
25
Suppose -83*w = -93*w + 210. What is the greatest common factor of 30 and w?
3
Suppose 201*i - 221*i = -280. Calculate the highest common factor of 20 and i.
2
Suppose 62*u - 57*u = -5*v + 4265, -4*u - 8 = 0. What is the greatest common factor of v and 95?
95
Let j = 31 - 29. Suppose -j*b = 3*b + 3*r - 24, 0 = 4*b + r - 15. Let t = -2 - -5. What is the greatest common divisor of t and b?
3
Suppose 0*z - 144 = -6*z. What is the highest common divisor of z and 216?
24
Let g be 12/60 + 64/5. Let n = g - 0. Let f(i) = 4*i**2 + i - 1. Let h be f(5). What is the highest common factor of n and h?
13
Let s = 551 + -537. Let h(c) = 24*c - 18. Let a be h(6). Calculate the highest common factor of s and a.
14
Let u(z) = 65*z**3 + 2*z**2 - 2*z + 1. Suppose 2*q - 3*q + 1 = 0. Let b be u(q). Suppose -m + 32 = 10. Calculate the greatest common factor of b and m.
22
Let k be (336/70)/((-6)/(-260)). What is the highest common divisor of k and 64?
16
Let i be ((-20)/(-15))/(1/3). Suppose -o = -5*f + 3*f - 149, -605 = -i*o + 5*f. Calculate the highest common factor of 62 and o.
31
Let g be 20 + 5/2*2. Let j be (-9)/6 - (g/(-2) - 4). What is the highest common factor of j and 45?
15
Let i(t) = 4*t + 42. Let q be i(-14). Let u = q + 32. Calculate the highest common divisor of u and 18.
18
Let d(c) = -313*c - 349. Let y